{"id":26763,"date":"2022-09-26T16:55:06","date_gmt":"2022-09-26T14:55:06","guid":{"rendered":"https:\/\/test.chemin-neuf.mu\/?post_type=proposition&#038;p=26763"},"modified":"2025-08-06T17:33:01","modified_gmt":"2025-08-06T15:33:01","slug":"anamnese2023","status":"publish","type":"proposition","link":"https:\/\/test.chemin-neuf.mu\/fr\/evenement\/anamnese2023\/","title":{"rendered":"Retraite Silo\u00e9"},"content":{"rendered":"\n<h2 class=\"wp-block-heading\" id=\"description\"><i class=\"fas fa-file-alt ccn-fa-icon\"> <\/i> Description<\/h2>\n\n\n\n<p><strong>Une retraite de gu\u00e9rison int\u00e9rieure ou retraite &#8216;Silo\u00e9&#8217; est un appel \u00e0 se r\u00e9concilier avec l&#8217;histoire de sa vie en la regardant \u00e0 la lumi\u00e8re de la Parole de Dieu.<\/strong><br>Journ\u00e9es de r\u00e9flexion en silence avec enseignement, pri\u00e8re personnelle et communautaire, avec accompagnement spirituel personnel.<\/p>\n\n\n\n<p><strong>Une retraite de 5 jours :<\/strong><\/p>\n\n\n\n<ul class=\"wp-block-list\">\n<li>Pour tous ceux qui vivent des difficult\u00e9s r\u00e9currentes dans les relations \u00e0 Dieu, \u00e0 soi-m\u00eame ou aux autres (conflit, rejet, manque d&#8217;estime&#8230;)<\/li>\n\n\n\n<li>Pour tous ceux qui aimeraient \u00e9clairer un \u00e9v\u00e9nement ou une p\u00e9riode douloureuse de leur vie et qui influence aujourd&#8217;hui leur quotidien (blocage, manque de pardon, souffrance&#8230;)<\/li>\n<\/ul>\n\n\n\n<p>Un entretien personnel est n\u00e9cessaire pour confirmer votre inscription.<\/p>\n\n\n\n<h2 class=\"wp-block-heading\" id=\"finances\"><i class=\"fas fa-piggy-bank ccn-fa-icon\"> <\/i> Finances<\/h2>\n\n\n\n<p>Participation aux frais propos\u00e9e entre \u20ac 210 \u2013 \u20ac 340.<\/p>\n\n\n\n<p><em>L&#8217;argent ne doit pas \u00eatre un obstacle, contactez-nous en cas de difficult\u00e9<\/em>.<\/p>\n","protected":false},"excerpt":{"rendered":"<p>Une retraite pour relire son histoire avec la Parole de Dieu <\/p>\n","protected":false},"featured_media":2016,"menu_order":0,"template":"","meta":{"_acf_changed":false,"footnotes":""},"prop-category":[7],"prop-duration":[],"class_list":["post-26763","proposition","type-proposition","status-publish","has-post-thumbnail","hentry","prop-category-retraite-spirituelle"],"acf":[],"yoast_head":"<!-- This site is optimized with the Yoast SEO plugin v27.5 - https:\/\/yoast.com\/product\/yoast-seo-wordpress\/ -->\n<title>Retraite Silo\u00e9 - Test Pays<\/title>\n<meta name=\"description\" content=\"Une retraite pour relire son histoire avec la Parole de Dieu\" \/>\n<meta name=\"robots\" content=\"noindex, follow, max-snippet:-1, max-image-preview:large, max-video-preview:-1\" \/>\n<meta property=\"og:locale\" content=\"fr_FR\" \/>\n<meta property=\"og:type\" content=\"article\" \/>\n<meta property=\"og:title\" content=\"Retraite Silo\u00e9 - Test Pays\" \/>\n<meta property=\"og:description\" content=\"Une retraite pour relire son histoire avec la Parole de Dieu\" \/>\n<meta property=\"og:url\" content=\"https:\/\/test.chemin-neuf.mu\/fr\/evenement\/anamnese2023\/\" \/>\n<meta property=\"og:site_name\" content=\"Test Pays\" \/>\n<meta property=\"article:modified_time\" content=\"2025-08-06T15:33:01+00:00\" \/>\n<meta property=\"og:image\" content=\"https:\/\/test.chemin-neuf.mu\/wp-content\/uploads\/2021\/04\/keygvoqztja.jpg\" \/>\n\t<meta property=\"og:image:width\" content=\"800\" \/>\n\t<meta property=\"og:image:height\" content=\"1200\" \/>\n\t<meta property=\"og:image:type\" content=\"image\/jpeg\" \/>\n<meta name=\"twitter:card\" content=\"summary_large_image\" \/>\n<meta name=\"twitter:label1\" content=\"Est. reading time\" \/>\n\t<meta name=\"twitter:data1\" content=\"1 minute\" \/>\n<script type=\"application\/ld+json\" class=\"yoast-schema-graph\">{\"@context\":\"https:\\\/\\\/schema.org\",\"@graph\":[{\"@type\":\"WebPage\",\"@id\":\"https:\\\/\\\/test.chemin-neuf.mu\\\/fr\\\/evenement\\\/anamnese2023\\\/\",\"url\":\"https:\\\/\\\/test.chemin-neuf.mu\\\/fr\\\/evenement\\\/anamnese2023\\\/\",\"name\":\"Retraite Silo\u00e9 - Test Pays\",\"isPartOf\":{\"@id\":\"https:\\\/\\\/test.chemin-neuf.mu\\\/fr\\\/#website\"},\"primaryImageOfPage\":{\"@id\":\"https:\\\/\\\/test.chemin-neuf.mu\\\/fr\\\/evenement\\\/anamnese2023\\\/#primaryimage\"},\"image\":{\"@id\":\"https:\\\/\\\/test.chemin-neuf.mu\\\/fr\\\/evenement\\\/anamnese2023\\\/#primaryimage\"},\"thumbnailUrl\":\"https:\\\/\\\/test.chemin-neuf.mu\\\/wp-content\\\/uploads\\\/2021\\\/04\\\/keygvoqztja.jpg\",\"datePublished\":\"2022-09-26T14:55:06+00:00\",\"dateModified\":\"2025-08-06T15:33:01+00:00\",\"description\":\"Une retraite pour relire son histoire avec la Parole de Dieu\",\"breadcrumb\":{\"@id\":\"https:\\\/\\\/test.chemin-neuf.mu\\\/fr\\\/evenement\\\/anamnese2023\\\/#breadcrumb\"},\"inLanguage\":\"fr\",\"potentialAction\":[{\"@type\":\"ReadAction\",\"target\":[\"https:\\\/\\\/test.chemin-neuf.mu\\\/fr\\\/evenement\\\/anamnese2023\\\/\"]}]},{\"@type\":\"ImageObject\",\"inLanguage\":\"fr\",\"@id\":\"https:\\\/\\\/test.chemin-neuf.mu\\\/fr\\\/evenement\\\/anamnese2023\\\/#primaryimage\",\"url\":\"https:\\\/\\\/test.chemin-neuf.mu\\\/wp-content\\\/uploads\\\/2021\\\/04\\\/keygvoqztja.jpg\",\"contentUrl\":\"https:\\\/\\\/test.chemin-neuf.mu\\\/wp-content\\\/uploads\\\/2021\\\/04\\\/keygvoqztja.jpg\",\"width\":800,\"height\":1200,\"caption\":\"car side mirror showing white car\"},{\"@type\":\"BreadcrumbList\",\"@id\":\"https:\\\/\\\/test.chemin-neuf.mu\\\/fr\\\/evenement\\\/anamnese2023\\\/#breadcrumb\",\"itemListElement\":[{\"@type\":\"ListItem\",\"position\":1,\"name\":\"Home\",\"item\":\"https:\\\/\\\/test.chemin-neuf.mu\\\/fr\\\/\"},{\"@type\":\"ListItem\",\"position\":2,\"name\":\"Propositions\",\"item\":\"https:\\\/\\\/test.chemin-neuf.mu\\\/fr\\\/evenement\\\/\"},{\"@type\":\"ListItem\",\"position\":3,\"name\":\"Retraite Silo\u00e9\"}]},{\"@type\":\"WebSite\",\"@id\":\"https:\\\/\\\/test.chemin-neuf.mu\\\/fr\\\/#website\",\"url\":\"https:\\\/\\\/test.chemin-neuf.mu\\\/fr\\\/\",\"name\":\"Test Pays\",\"description\":\"Site test pays bilingue\",\"potentialAction\":[{\"@type\":\"SearchAction\",\"target\":{\"@type\":\"EntryPoint\",\"urlTemplate\":\"https:\\\/\\\/test.chemin-neuf.mu\\\/fr\\\/?s={search_term_string}\"},\"query-input\":{\"@type\":\"PropertyValueSpecification\",\"valueRequired\":true,\"valueName\":\"search_term_string\"}}],\"inLanguage\":\"fr\"}]}<\/script>\n<!-- \/ Yoast SEO plugin. -->","yoast_head_json":{"title":"Retraite Silo\u00e9 - Test Pays","description":"Une retraite pour relire son histoire avec la Parole de Dieu","robots":{"index":"noindex","follow":"follow","max-snippet":"max-snippet:-1","max-image-preview":"max-image-preview:large","max-video-preview":"max-video-preview:-1"},"og_locale":"fr_FR","og_type":"article","og_title":"Retraite Silo\u00e9 - Test Pays","og_description":"Une retraite pour relire son histoire avec la Parole de Dieu","og_url":"https:\/\/test.chemin-neuf.mu\/fr\/evenement\/anamnese2023\/","og_site_name":"Test Pays","article_modified_time":"2025-08-06T15:33:01+00:00","og_image":[{"width":800,"height":1200,"url":"https:\/\/test.chemin-neuf.mu\/wp-content\/uploads\/2021\/04\/keygvoqztja.jpg","type":"image\/jpeg"}],"twitter_card":"summary_large_image","twitter_misc":{"Est. reading time":"1 minute"},"schema":{"@context":"https:\/\/schema.org","@graph":[{"@type":"WebPage","@id":"https:\/\/test.chemin-neuf.mu\/fr\/evenement\/anamnese2023\/","url":"https:\/\/test.chemin-neuf.mu\/fr\/evenement\/anamnese2023\/","name":"Retraite Silo\u00e9 - Test Pays","isPartOf":{"@id":"https:\/\/test.chemin-neuf.mu\/fr\/#website"},"primaryImageOfPage":{"@id":"https:\/\/test.chemin-neuf.mu\/fr\/evenement\/anamnese2023\/#primaryimage"},"image":{"@id":"https:\/\/test.chemin-neuf.mu\/fr\/evenement\/anamnese2023\/#primaryimage"},"thumbnailUrl":"https:\/\/test.chemin-neuf.mu\/wp-content\/uploads\/2021\/04\/keygvoqztja.jpg","datePublished":"2022-09-26T14:55:06+00:00","dateModified":"2025-08-06T15:33:01+00:00","description":"Une retraite pour relire son histoire avec la Parole de Dieu","breadcrumb":{"@id":"https:\/\/test.chemin-neuf.mu\/fr\/evenement\/anamnese2023\/#breadcrumb"},"inLanguage":"fr","potentialAction":[{"@type":"ReadAction","target":["https:\/\/test.chemin-neuf.mu\/fr\/evenement\/anamnese2023\/"]}]},{"@type":"ImageObject","inLanguage":"fr","@id":"https:\/\/test.chemin-neuf.mu\/fr\/evenement\/anamnese2023\/#primaryimage","url":"https:\/\/test.chemin-neuf.mu\/wp-content\/uploads\/2021\/04\/keygvoqztja.jpg","contentUrl":"https:\/\/test.chemin-neuf.mu\/wp-content\/uploads\/2021\/04\/keygvoqztja.jpg","width":800,"height":1200,"caption":"car side mirror showing white car"},{"@type":"BreadcrumbList","@id":"https:\/\/test.chemin-neuf.mu\/fr\/evenement\/anamnese2023\/#breadcrumb","itemListElement":[{"@type":"ListItem","position":1,"name":"Home","item":"https:\/\/test.chemin-neuf.mu\/fr\/"},{"@type":"ListItem","position":2,"name":"Propositions","item":"https:\/\/test.chemin-neuf.mu\/fr\/evenement\/"},{"@type":"ListItem","position":3,"name":"Retraite Silo\u00e9"}]},{"@type":"WebSite","@id":"https:\/\/test.chemin-neuf.mu\/fr\/#website","url":"https:\/\/test.chemin-neuf.mu\/fr\/","name":"Test Pays","description":"Site test pays bilingue","potentialAction":[{"@type":"SearchAction","target":{"@type":"EntryPoint","urlTemplate":"https:\/\/test.chemin-neuf.mu\/fr\/?s={search_term_string}"},"query-input":{"@type":"PropertyValueSpecification","valueRequired":true,"valueName":"search_term_string"}}],"inLanguage":"fr"}]}},"_links":{"self":[{"href":"https:\/\/test.chemin-neuf.mu\/fr\/wp-json\/wp\/v2\/proposition\/26763","targetHints":{"allow":["GET"]}}],"collection":[{"href":"https:\/\/test.chemin-neuf.mu\/fr\/wp-json\/wp\/v2\/proposition"}],"about":[{"href":"https:\/\/test.chemin-neuf.mu\/fr\/wp-json\/wp\/v2\/types\/proposition"}],"version-history":[{"count":17,"href":"https:\/\/test.chemin-neuf.mu\/fr\/wp-json\/wp\/v2\/proposition\/26763\/revisions"}],"predecessor-version":[{"id":68699,"href":"https:\/\/test.chemin-neuf.mu\/fr\/wp-json\/wp\/v2\/proposition\/26763\/revisions\/68699"}],"wp:featuredmedia":[{"embeddable":true,"href":"https:\/\/test.chemin-neuf.mu\/fr\/wp-json\/wp\/v2\/media\/2016"}],"wp:attachment":[{"href":"https:\/\/test.chemin-neuf.mu\/fr\/wp-json\/wp\/v2\/media?parent=26763"}],"wp:term":[{"taxonomy":"prop-category","embeddable":true,"href":"https:\/\/test.chemin-neuf.mu\/fr\/wp-json\/wp\/v2\/prop-category?post=26763"},{"taxonomy":"prop-duration","embeddable":true,"href":"https:\/\/test.chemin-neuf.mu\/fr\/wp-json\/wp\/v2\/prop-duration?post=26763"}],"curies":[{"name":"wp","href":"https:\/\/api.w.org\/{rel}","templated":true}]}}

Retraite Siloé

<h2 class="wp-block-heading" id="description"><i class="fas fa-file-alt ccn-fa-icon"> </i> Description</h2>



<p><strong>Une retraite de guérison intérieure ou retraite &#8216;Siloé&#8217; est un appel à se réconcilier avec l&#8217;histoire de sa vie en la regardant à la lumière de la Parole de Dieu.</strong><br>Journées de réflexion en silence avec enseignement, prière personnelle et communautaire, avec accompagnement spirituel personnel.</p>



<p><strong>Une retraite de 5 jours :</strong></p>



<ul class="wp-block-list">
<li>Pour tous ceux qui vivent des difficultés récurrentes dans les relations à Dieu, à soi-même ou aux autres (conflit, rejet, manque d&#8217;estime&#8230;)</li>



<li>Pour tous ceux qui aimeraient éclairer un événement ou une période douloureuse de leur vie et qui influence aujourd&#8217;hui leur quotidien (blocage, manque de pardon, souffrance&#8230;)</li>
</ul>



<p>Un entretien personnel est nécessaire pour confirmer votre inscription.</p>



<h2 class="wp-block-heading" id="finances"><i class="fas fa-piggy-bank ccn-fa-icon"> </i> Finances</h2>



<p>Participation aux frais proposée entre € 210 – € 340.</p>



<p><em>L&#8217;argent ne doit pas être un obstacle, contactez-nous en cas de difficulté</em>.</p>

<!-- This site is optimized with the Yoast SEO plugin v27.5 - https://yoast.com/product/yoast-seo-wordpress/ -->
<title>Retraite Siloé - Test Pays</title>
<meta name="description" content="Une retraite pour relire son histoire avec la Parole de Dieu" />
<meta name="robots" content="noindex, follow, max-snippet:-1, max-image-preview:large, max-video-preview:-1" />
<meta property="og:locale" content="fr_FR" />
<meta property="og:type" content="article" />
<meta property="og:title" content="Retraite Siloé - Test Pays" />
<meta property="og:description" content="Une retraite pour relire son histoire avec la Parole de Dieu" />
<meta property="og:url" content="https://test.chemin-neuf.mu/fr/evenement/anamnese2023/" />
<meta property="og:site_name" content="Test Pays" />
<meta property="article:modified_time" content="2025-08-06T15:33:01+00:00" />
<meta property="og:image" content="https://test.chemin-neuf.mu/wp-content/uploads/2021/04/keygvoqztja.jpg" />
	<meta property="og:image:width" content="800" />
	<meta property="og:image:height" content="1200" />
	<meta property="og:image:type" content="image/jpeg" />
<meta name="twitter:card" content="summary_large_image" />
<meta name="twitter:label1" content="Est. reading time" />
	<meta name="twitter:data1" content="1 minute" />
<script type="application/ld+json" class="yoast-schema-graph">{"@context":"https:\/\/schema.org","@graph":[{"@type":"WebPage","@id":"https:\/\/test.chemin-neuf.mu\/fr\/evenement\/anamnese2023\/","url":"https:\/\/test.chemin-neuf.mu\/fr\/evenement\/anamnese2023\/","name":"Retraite Siloé - Test Pays","isPartOf":{"@id":"https:\/\/test.chemin-neuf.mu\/fr\/#website"},"primaryImageOfPage":{"@id":"https:\/\/test.chemin-neuf.mu\/fr\/evenement\/anamnese2023\/#primaryimage"},"image":{"@id":"https:\/\/test.chemin-neuf.mu\/fr\/evenement\/anamnese2023\/#primaryimage"},"thumbnailUrl":"https:\/\/test.chemin-neuf.mu\/wp-content\/uploads\/2021\/04\/keygvoqztja.jpg","datePublished":"2022-09-26T14:55:06+00:00","dateModified":"2025-08-06T15:33:01+00:00","description":"Une retraite pour relire son histoire avec la Parole de Dieu","breadcrumb":{"@id":"https:\/\/test.chemin-neuf.mu\/fr\/evenement\/anamnese2023\/#breadcrumb"},"inLanguage":"fr","potentialAction":[{"@type":"ReadAction","target":["https:\/\/test.chemin-neuf.mu\/fr\/evenement\/anamnese2023\/"]}]},{"@type":"ImageObject","inLanguage":"fr","@id":"https:\/\/test.chemin-neuf.mu\/fr\/evenement\/anamnese2023\/#primaryimage","url":"https:\/\/test.chemin-neuf.mu\/wp-content\/uploads\/2021\/04\/keygvoqztja.jpg","contentUrl":"https:\/\/test.chemin-neuf.mu\/wp-content\/uploads\/2021\/04\/keygvoqztja.jpg","width":800,"height":1200,"caption":"car side mirror showing white car"},{"@type":"BreadcrumbList","@id":"https:\/\/test.chemin-neuf.mu\/fr\/evenement\/anamnese2023\/#breadcrumb","itemListElement":[{"@type":"ListItem","position":1,"name":"Home","item":"https:\/\/test.chemin-neuf.mu\/fr\/"},{"@type":"ListItem","position":2,"name":"Propositions","item":"https:\/\/test.chemin-neuf.mu\/fr\/evenement\/"},{"@type":"ListItem","position":3,"name":"Retraite Siloé"}]},{"@type":"WebSite","@id":"https:\/\/test.chemin-neuf.mu\/fr\/#website","url":"https:\/\/test.chemin-neuf.mu\/fr\/","name":"Test Pays","description":"Site test pays bilingue","potentialAction":[{"@type":"SearchAction","target":{"@type":"EntryPoint","urlTemplate":"https:\/\/test.chemin-neuf.mu\/fr\/?s={search_term_string}"},"query-input":{"@type":"PropertyValueSpecification","valueRequired":true,"valueName":"search_term_string"}}],"inLanguage":"fr"}]}</script>
<!-- / Yoast SEO plugin. -->

Retraite Siloé - Test Pays
